 is the greatest common factor of 187 and k?
17
Suppose -40 + 22 = -3*u. Let s be (-1)/u - (1158/36)/(-1). Calculate the highest common divisor of s and 16.
16
Suppose f + 49 = 68. Suppose 18*y + 6 = f*y. Suppose -y = -2*g, 3*g + 8 = s - g. Calculate the highest common divisor of s and 160.
20
Suppose -14 = a - 17, 3*a = z - 373. Suppose r + 2*d - 123 = 64, -2*r = 2*d - z. What is the highest common factor of r and 75?
15
Let y be (17/(-17))/(((-3)/4)/(-3)). Let j(x) = x**2 + x - 10. Let c be j(y). Let v be (-507)/(-26) + 1/c. Calculate the greatest common factor of v and 10.
10
Let t = 619 + 3401. Calculate the greatest common factor of 60 and t.
60
Let o(h) be the third derivative of h**5/15 - 5*h**4/8 - 5*h**3 - 2*h**2 - 105. Let v be o(6). Calculate the highest common factor of v and 84.
12
Let g(n) = 2*n**2 - 49*n + 448. Let z be g(12). Calculate the greatest common divisor of 7 and z.
1
Suppose b - 4 = -4*s + 32, -5*b + 40 = 6*s. Let n be (-588)/(-1) - (17 - 19). What is the greatest common divisor of s and n?
10
Suppose -4172 - 13028 = -25*d. What is the highest common divisor of d and 8?
8
Suppose 0 = -y + 3*y - 5*t + 11, 0 = 4*y + 4*t + 92. Let g = y + -1. Let b = g - -20. Calculate the greatest common divisor of b and 8.
1
Let b = 31526 + -27754. What is the highest common divisor of 276 and b?
92
Let j = 251 + -59. Let i = j + -191. Calculate the highest common factor of 37 and i.
1
Let l = -2233 - -2447. What is the greatest common divisor of 22 and l?
2
Let l(o) = o**2 + 10*o - 5. Let u be l(-10). Let t(h) = 4*h + 50. Let q be t(u). What is the greatest common factor of 12 and q?
6
Let y be (61 + -76)*(-112)/6. Calculate the greatest common divisor of 3220 and y.
140
Let m(y) = 2*y**3 + 2*y**2 - 669*y + 2006. Let t be m(3). Calculate the highest common divisor of t and 25631.
71
Let g(z) = -z**3 - 19*z**2 - 61*z + 15. Let a(m) = 12*m + 93. Let u be a(-9). Let c be g(u). Calculate the highest common factor of 690 and c.
30
Let k be (1 - 2)/((34 - 29)/(-16605)). What is the greatest common divisor of 41 and k?
41
Let q(o) = 4*o**2 + o + 2. Let s be q(2). Suppose 3*p - 279 = -80*f + 65*f, 35 = -5*p. What is the highest common divisor of s and f?
20
Let i(l) = l**3 + 20*l**2 - 602*l + 21. Let k be i(-36). Let b = -184 + 358. What is the highest common divisor of k and b?
87
Let j be 3 + -18 - (-20)/((-10)/(-2)). Let r be -10 + (-3 - j) - -7. What is the greatest common divisor of r and 40?
5
Suppose 19*s - 462 = 7*s - 10*s. Calculate the greatest common divisor of s and 33.
3
Let f = -1140 - -1155. Let y = 13 + 107. Calculate the greatest common factor of f and y.
15
Let x = -42458 + 42528. Let f be (-56)/(-6)*6/4. Calculate the greatest common factor of f and x.
14
Let g(i) = -i**3 + 23*i**2 + 202*i - 390. Let p be g(25). What is the highest common factor of 990 and p?
110
Let l = 953 - 769. Let w(q) = 19*q + 16. Let f be w(6). Suppose 5*y - f = -5*u, -3*y + 98 = 4*u - y. What is the highest common factor of u and l?
23
Suppose 2*t + t = -9. Let l be (-2 + -1)/(t/105). Let h(y) = -23959*y - 47903. Let a be h(-2). What is the greatest common factor of a and l?
15
Suppose 1027 + 341 = 6*v. Suppose 9*k = 3*k + v. What is the greatest common divisor of k and 19?
19
Let m be (2 - (-21)/(-7))*-7. Let o be (7 + -6)*20 + m. Calculate the highest common divisor of o and 351.
27
Let w = 63 + -63. Let s = 34 + -32. Suppose s*b - 30 = -w*r - 4*r, -4*r + b = -33. Calculate the greatest common divisor of r and 8.
8
Let c be 35*6/7*83. Calculate the highest common divisor of c and 15.
15
Suppose -10*o = -14*o + 376. Let f be o/4*(-5)/10*-36. What is the greatest common factor of 47 and f?
47
Let y(l) = l**3 - l**2 - 35*l - 16. Let q be y(-4). Calculate the greatest common divisor of q and 583.
11
Suppose -b - 32*f = -37*f - 41, 5*f = -5*b - 35. Calculate the highest common divisor of b and 2073.
1
Suppose 311*g - 33860 + 7427 - 3423 = 0. What is the greatest common divisor of 4288 and g?
32
Let r = -549 + 1253. Let f = -699 + r. Calculate the highest common divisor of f and 75.
5
Let q(w) = -2*w**2 + 22*w + 2. Let f be q(10). Let i be f/12 - (-1)/6. Calculate the greatest common factor of 16 and i.
2
Let g be ((-6)/10)/(3/(-30)*1). Let i be (478 - (-3 - -3))*g/(-4). Let o = -411 - i. What is the greatest common factor of 34 and o?
34
Let m be (7/4)/(4/4464). What is the greatest common divisor of m and 315?
63
Suppose 530 = -9*m + 19*m. Let l = 0 + 5. Suppose -l*z + 103 = m. Calculate the highest common divisor of z and 110.
10
Suppose 0 = -264*j + 268*j + 20. Let m(a) = 5*a**3 + 26*a**2 + a + 4. Let x be m(j). What is the greatest common divisor of 156 and x?
12
Let v be (-31)/(-62)*(-2 + 12). Let h(c) = -2*c**2 + 16*c - 5. Let r be h(v). Calculate the highest common factor of r and 425.
25
Suppose -4*d = 2*x + 103 - 303, -4*d + 20 = 0. Let u = -82 - 1. Let z = x + u. Calculate the highest common divisor of z and 49.
7
Let j(x) = -6694*x**3 + 8*x**2 - 14*x - 21. Let h be j(-1). Calculate the highest common divisor of 130 and h.
65
Suppose 252*g - 25*g = -56*g + 127350. Calculate the greatest common divisor of g and 486.
18
Let o be (-44)/4*1*-2. Let v be 26 - 27/1 - -111. Calculate the highest common factor of o and v.
22
Let y be -10*((-4)/(-5) + -2). Suppose 5*a - 2*r + 216 = 350, 68 = 2*a + 4*r. Calculate the greatest common divisor of a and y.
4
Let j be (-4)/(-10)*-1 - ((-18912)/30 - 0). Calculate the greatest common factor of j and 910.
70
Suppose 2*q = 6*q - 144. Let y = q - 21. Suppose 104*v = 105*v - 60. Calculate the greatest common factor of v and y.
15
Let w be (666/24)/((-6)/(-16)). Let l(y) be the first derivative of 11*y**2/2 + 166*y + 34. Let r be l(-5). What is the greatest common divisor of r and w?
37
Suppose 8*a - 20 = 4. Suppose 5*g + 13 = -2*j, 3*j = 5 - 17. Let c be ((-6)/4 - g)/(2/(-8)). Calculate the greatest common factor of c and a.
1
Let y(j) = -2*j**2 - 43*j - 172. Let s be y(-16). What is the greatest common divisor of s and 572?
4
Let v(l) = -19*l + 342. Let f be v(18). Suppose 0 = -q - f - 1, 3*y = -4*q + 716. What is the greatest common factor of 90 and y?
30
Let x be 2*(6/27 - 710/(-45)). Suppose -4*o - 4 = -12. Let v be 8/(-28)*-7 - 0/o. Calculate the greatest common divisor of v and x.
2
Let m be (-410)/(4/4*2 - 3). Suppose 8*k + 10 = m. Suppose -7*d = -55 - k. What is the highest common divisor of 3 and d?
3
Suppose o - 2*o - 44704 = -4*h, -3*h = 8*o - 33528. Calculate the greatest common factor of h and 8.
8
Let t(v) = -312*v - 74. Let j = 109 + -111. Let y be t(j). What is the greatest common divisor of y and 22?
22
Let m be (3/(-4) + 219/36)*-3. Let u = m + 20. Suppose 3*i - w = 94, -i + u*w + 106 = 2*i. Calculate the highest common divisor of i and 6.
6
Suppose 3*q - 4*k = -727, -3*q - 4*k - 498 = -q. Let l = q - -485. What is the highest common factor of 10 and l?
10
Suppose g - 6 = -g. Suppose -g*x - 30 = -6*x. Let v(o) = o**3 + o**2 - 116*o + 24. Let t be v(-11). Calculate the greatest common factor of x and t.
10
Suppose -7658 = -5*t - 4*b, -9*t + 4592 = -6*t + b. What is the highest common factor of 60 and t?
30
Let o = -10116 - -10189. What is the highest common divisor of o and 23?
1
Let h(r) = 164*r - 3185. Let l be h(22). What is the greatest common divisor of l and 549?
9
Let l = 825 + -517. Let u = -116612 - -116640. Calculate the greatest common divisor of l and u.
28
Let i be (5 - 2)/((-4)/8). Let y be 9/6 - (-1 - (-21)/i). Suppose y*o + 4*o = 110. Calculate the highest common divisor of o and 44.
11
Suppose 4*g + 2*y - 9456 = -0*g, 2*g - 2*y = 4728. Calculate the greatest common divisor of g and 6.
6
Suppose 0 = -2*j + 2*c - 100, -3*j + 0*j = -2*c + 154. Let q = j + 92. Suppose 6*p + 20*p + 6*p = 1216. What is the greatest common factor of q and p?
38
Suppose -20 = -4*a, 4*d - 4*a + 134 = 626. Calculate the highest common factor of d and 2016.
32
Let w = 118 - 168. Let k = w + 127. Suppose 3*c + 1 = 22. What is the greatest common factor of k and c?
7
Suppose 3*u - 5 = 8*u. Let d be -227*u/2*(3 + -5). Let l = 337 + d. Calculate the highest common divisor of l and 22.
22
Suppose 32*g = -36*g - 71*g + 2085. Calculate the greatest common divisor of 12885 and g.
15
Let s be (-792)/(-54)*(6 - 